{"id":669,"date":"2025-08-16T03:01:56","date_gmt":"2025-08-16T06:01:56","guid":{"rendered":"https:\/\/design.projetoshr.com.br\/loja-pop\/?post_type=product&#038;p=669"},"modified":"2025-08-16T05:03:51","modified_gmt":"2025-08-16T08:03:51","slug":"microsoft-office-365-family-assinatura-anual-para-6-usuarios-1-tb-de-armazenamento-one-drive-pc-mac-ios-e-android-6gq-01178-versao-download","status":"publish","type":"product","link":"https:\/\/design.projetoshr.com.br\/loja-pop\/produto\/microsoft-office-365-family-assinatura-anual-para-6-usuarios-1-tb-de-armazenamento-one-drive-pc-mac-ios-e-android-6gq-01178-versao-download\/","title":{"rendered":"Microsoft Office 365 Family &#8211; Assinatura Anual para 6 usu\u00e1rios + 1 TB de Armazenamento"},"content":{"rendered":"<section class=\"container overflow-hidden d-flex flex-wrap justify-content-center px-4 p-lg-0 py-3\">\n<div class=\"description-section\">\n<div>\n<p>Microsoft 365 Family (Office 365 Home)<\/p>\n<p>&#8211; Para PC, Mac, iOS e Android<br \/>\n&#8211; 1 TB de armazenamento na nuvem por pessoa<br \/>\n&#8211; Para at\u00e9 seis pessoas<br \/>\n&#8211; Incluso: Microsoft Word,\u00a0 Microsoft Excel, Microsoft PowerPoint, Microsoft OneNote, Microsoft Outlook, Microsoft OneDrive, Microsoft Family Safety, Skype<\/p>\n<p>ATEN\u00c7\u00c3O: N\u00c3O \u00e9 CD de Instala\u00e7\u00e3o. \u00c9 feito o envio da EMBALAGEM CONTENDO O CARD DA LINCEN\u00c7A (Key)<br \/>\nde 12 meses. O Download \u00e9 realizado atrav\u00e9s do site oficial<\/p>\n<p>Com o Microsoft 365 Family, voc\u00ea e as pessoas com as quais voc\u00ea compartilha podem:<\/p>\n<p>\u2022 Acesse recursos de assist\u00eancia inteligente, al\u00e9m de centenas de modelos, fotos, \u00edcones e fontes premium no Word, Excel e PowerPoint<br \/>\n\u2022 Salve e compartilhe arquivos e fotos em dispositivos com o OneDrive<br \/>\n\u2022 Experimente prote\u00e7\u00e3o de seguran\u00e7a avan\u00e7ada no OneDrive e Outlook<br \/>\n\u2022 Defina alertas de localiza\u00e7\u00e3o no aplicativo m\u00f3vel Microsoft Family Safety*<br \/>\n\u2022 Cada pessoa pode usar a assinatura em at\u00e9 5 dispositivos ao mesmo tempo<br \/>\n\u2022 Entre em contato com o suporte via chat ou telefone e sem custo adicional durante sua assinatura<br \/>\n<img decoding=\"async\" src=\"https:\/\/images.oficinadosbits.com.br\/images_storage2\/28844_01.jpg\" alt=\"\" \/><\/p>\n<p>Uma assinatura conveniente para at\u00e9 6 pessoas.<br \/>\nInclui aplicativos premium do Office, at\u00e9 6 TB de armazenamento na nuvem \u2013 1 TB por pessoa \u2013 e seguran\u00e7a avan\u00e7ada para todos os seus dispositivos.<\/p>\n<p><img decoding=\"async\" src=\"https:\/\/images.oficinadosbits.com.br\/images_storage2\/28844_02.jpg\" alt=\"\" \/><\/p>\n<p>*Por se tratar de um produto digital, a chave de ativa\u00e7\u00e3o do Microsoft 365 ser\u00e1 enviada digitalmente no e-mail cadastrado. Ao receber o produto, siga as instru\u00e7\u00f5es para ativa\u00e7\u00e3o.<\/p>\n<p>::Especifical\u00e7\u00f5es t\u00e9cnicas<\/p>\n<p>Marca Microsoft<br \/>\nModelo Office 365 Family 6GQ-01178<\/p>\n<p>&#8211; Quantidade de licen\u00e7as: para at\u00e9 06 dispositivos<br \/>\n&#8211; Assinatura: 12 meses<br \/>\n&#8211; Tipo de licen\u00e7a: Uso dom\u00e9stico<br \/>\n&#8211; Formato F\u00edsico: Chave para download<br \/>\n&#8211; Especifica\u00e7\u00f5es do pacote: Aplicativos Premium do Office [Word &#8211; Power Point &#8211; Excel &#8211; Outlook]<br \/>\n&#8211; Armazenamento em Nuvem: At\u00e9 1TB atrav\u00e9s do OneDrive por pessoa<br \/>\n&#8211; Idioma: Portugu\u00eas<\/p>\n<p>::Duvidas e Respostas<\/p>\n<p><b>Qual \u00e9 a diferen\u00e7a entre o Office 2019 (compra avulsa) e o Microsoft 365 (assinatura)?<\/b><\/p>\n<p>O Office 2019 \u00e9 vendido como uma compra avulsa, o que significa que voc\u00ea paga um custo inicial \u00fanico para obter os aplicativos do Office para um computador. Compras avulsas est\u00e3o dispon\u00edveis para PCs e Macs. No entanto, n\u00e3o h\u00e1 op\u00e7\u00e3o de atualiza\u00e7\u00e3o. Portanto, se voc\u00ea desejar atualizar para a pr\u00f3xima vers\u00e3o principal, ser\u00e1 necess\u00e1rio compr\u00e1-la pelo pre\u00e7o integral.<br \/>\nO Microsoft 365 \u00e9 uma assinatura que inclui os recursos mais colaborativos e atualizados em uma experi\u00eancia integrada e perfeita. O Microsoft 365 inclui os robustos aplicativos do Office para \u00e1rea de trabalho que voc\u00ea conhece como Word, PowerPoint e Excel. Voc\u00ea tamb\u00e9m obt\u00e9m armazenamento online adicional e recursos conectados \u00e0 nuvem que permitem colaborar em arquivos em tempo real. Com uma assinatura, voc\u00ea sempre ter\u00e1 os recursos, as corre\u00e7\u00f5es e as atualiza\u00e7\u00f5es de seguran\u00e7a mais recentes, al\u00e9m de suporte t\u00e9cnico cont\u00ednuo, sem custo adicional. Voc\u00ea pode optar por pagar pela sua assinatura mensalmente ou anualmente, e o plano Microsoft 365 Family permite que voc\u00ea compartilhe a sua assinatura com at\u00e9 seis pessoas da sua fam\u00edlia e use seus aplicativos em v\u00e1rios PCs, Macs, tablets e smartphones.<\/p>\n<p><b>Sou assinante existente do Office 365. O que isso significa para mim?<\/b><\/p>\n<p>Isso significa que a sua assinatura do Office 365 ser\u00e1 renomeada automaticamente para Microsoft 365. Voc\u00ea ter\u00e1 acesso a tudo de que mais gosta no Office 365, al\u00e9m de benef\u00edcios adicionais \u00e0 medida que eles forem lan\u00e7ados, tudo pelo mesmo pre\u00e7o. Nenhuma a\u00e7\u00e3o \u00e9 necess\u00e1ria de sua parte. As altera\u00e7\u00f5es come\u00e7ar\u00e3o a partir de 21 de abril de 2020.<\/p>\n<p><b>Quantas pessoas podem usar uma assinatura do Microsoft 365?<\/b><\/p>\n<p>Voc\u00ea pode compartilhar o Microsoft 365 Family com outras 5 pessoas em sua resid\u00eancia, at\u00e9 6 usu\u00e1rios. O Microsoft 365 Personal pode ser usado por uma pessoa.<\/p>\n<p><b>Como compartilho os benef\u00edcios da minha assinatura com membros da minha fam\u00edlia?<\/b><\/p>\n<p>Se voc\u00ea tiver uma assinatura Microsoft 365 Family ativa, poder\u00e1 compartilh\u00e1-la com at\u00e9 cinco pessoas em sua resid\u00eancia. Cada membro da fam\u00edlia com quem voc\u00ea compartilha a sua assinatura pode instalar o Microsoft 365 em todos os seus dispositivos e entrar em cinco dispositivos ao mesmo tempo.<\/p>\n<p>A licen\u00e7a do Office 365 pode ser acumulada at\u00e9 no m\u00e1ximo 5 anos<\/p>\n<p>Se adicionar a mesma assinatura do Microsoft 365 \u00e0 sua conta Microsoft, voc\u00ea ter\u00e1 os mesmos benef\u00edcios da assinatura (o n\u00famero de dispositivos Microsoft 365 conectados simultaneamente, a quantidade de minutos no Skype e o armazenamento no OneDrive) como antes. Voc\u00ea est\u00e1 estendendo a dura\u00e7\u00e3o para essa assinatura, sem aumentar o n\u00famero de dispositivos do Microsoft 365 nos quais pode entrar ou a sua quantidade de armazenamento online. \u00c9 poss\u00edvel aumentar a dura\u00e7\u00e3o de uma assinatura do Microsoft 365 por no m\u00e1ximo cinco anos.<\/p>\n<p>Por exemplo, se usar uma chave do produto (Product Key) do Microsoft 365 Personal para renovar e atualmente tiver uma assinatura do Microsoft 365 Family, voc\u00ea ter\u00e1 a op\u00e7\u00e3o de manter a assinatura do Microsoft 365 Family e receber menos de um ano de benef\u00edcios da assinatura, pois o Microsoft 365 Family custa mais, ou poder\u00e1 mudar para o Microsoft 365 Personal.<\/p>\n<p><b>Peso com embalagem:<\/b>\u00a00,04Kg<br \/>\n<b>EAN:<\/b>\u00a0889842470192<br \/>\n<b>Modelo (GTIN):<\/b>\u00a06GQ-01178<br \/>\n<b>C\u00f3digo refer\u00eancia:<\/b>\u00a028844<\/p>\n<\/div>\n<\/div>\n<\/section>\n","protected":false},"excerpt":{"rendered":"<p>Microsoft 365 Family (Office 365 Home) &#8211; Para PC, Mac, iOS e Android &#8211; 1 TB de armazenamento na nuvem por pessoa &#8211; Para at\u00e9 seis pessoas &#8211; Incluso: Microsoft Word,\u00a0 Microsoft Excel, Microsoft PowerPoint, Microsoft OneNote, Microsoft Outlook, Microsoft OneDrive, Microsoft Family Safety, Skype ATEN\u00c7\u00c3O: N\u00c3O \u00e9 CD de Instala\u00e7\u00e3o. \u00c9 feito o envio [&hellip;]<\/p>\n","protected":false},"featured_media":670,"comment_status":"open","ping_status":"closed","template":"","meta":[],"product_brand":[],"product_cat":[40],"product_tag":[],"class_list":{"0":"post-669","1":"product","2":"type-product","3":"status-publish","4":"has-post-thumbnail","6":"product_cat-novidades","8":"first","9":"instock","10":"sale","11":"shipping-taxable","12":"purchasable","13":"product-type-simple"},"_links":{"self":[{"href":"https:\/\/design.projetoshr.com.br\/loja-pop\/wp-json\/wp\/v2\/product\/669","targetHints":{"allow":["GET"]}}],"collection":[{"href":"https:\/\/design.projetoshr.com.br\/loja-pop\/wp-json\/wp\/v2\/product"}],"about":[{"href":"https:\/\/design.projetoshr.com.br\/loja-pop\/wp-json\/wp\/v2\/types\/product"}],"replies":[{"embeddable":true,"href":"https:\/\/design.projetoshr.com.br\/loja-pop\/wp-json\/wp\/v2\/comments?post=669"}],"wp:featuredmedia":[{"embeddable":true,"href":"https:\/\/design.projetoshr.com.br\/loja-pop\/wp-json\/wp\/v2\/media\/670"}],"wp:attachment":[{"href":"https:\/\/design.projetoshr.com.br\/loja-pop\/wp-json\/wp\/v2\/media?parent=669"}],"wp:term":[{"taxonomy":"product_brand","embeddable":true,"href":"https:\/\/design.projetoshr.com.br\/loja-pop\/wp-json\/wp\/v2\/product_brand?post=669"},{"taxonomy":"product_cat","embeddable":true,"href":"https:\/\/design.projetoshr.com.br\/loja-pop\/wp-json\/wp\/v2\/product_cat?post=669"},{"taxonomy":"product_tag","embeddable":true,"href":"https:\/\/design.projetoshr.com.br\/loja-pop\/wp-json\/wp\/v2\/product_tag?post=669"}],"curies":[{"name":"wp","href":"https:\/\/api.w.org\/{rel}","templated":true}]}}