{"id":656,"date":"2025-08-16T02:45:49","date_gmt":"2025-08-16T05:45:49","guid":{"rendered":"https:\/\/design.projetoshr.com.br\/loja-pop\/?post_type=product&#038;p=656"},"modified":"2025-08-16T02:45:50","modified_gmt":"2025-08-16T05:45:50","slug":"web-camera-logitech-c922-pro-stream-video-chamada-em-full-hd-1080p-com-tripe-960-001087","status":"publish","type":"product","link":"https:\/\/design.projetoshr.com.br\/loja-pop\/produto\/web-camera-logitech-c922-pro-stream-video-chamada-em-full-hd-1080p-com-tripe-960-001087\/","title":{"rendered":"Web C\u00e2mera Logitech C922 Pro Stream &#8211; V\u00eddeo Chamada em Full HD 1080p &#8211; com Trip\u00e9 &#8211; 960-001087"},"content":{"rendered":"<div><img decoding=\"async\" src=\"https:\/\/images.oficinadosbits.com.br\/images_storage\/22350_01.jpg\" alt=\"\" \/><br \/>\n<img decoding=\"async\" src=\"https:\/\/images.oficinadosbits.com.br\/images_storage\/22350_02.jpg\" alt=\"\" \/><br \/>\n<img decoding=\"async\" src=\"https:\/\/images.oficinadosbits.com.br\/images_storage\/22350_03.jpg\" alt=\"\" \/><br \/>\n<img decoding=\"async\" src=\"https:\/\/images.oficinadosbits.com.br\/images_storage\/22350_04.jpg\" alt=\"\" \/><br \/>\n<img decoding=\"async\" src=\"https:\/\/images.oficinadosbits.com.br\/images_storage\/22350_05.jpg\" alt=\"\" \/><\/div>\n<p>::Especifica\u00e7\u00f5es t\u00e9cnicas.<\/p>\n<p>Marca: Logitech<br \/>\nModelo: C922 960-001087<\/p>\n<p>Dimens\u00f5es:<br \/>\n&#8211; Sem clipe: 29 x 95 x 24 mm<br \/>\n&#8211; Incluindo clipe: 44 x 95 x 71 mm<br \/>\n&#8211; Comprimento do cabo: 1,8 m<\/p>\n<p>Funciona com:<br \/>\n&#8211; XSplit<br \/>\n&#8211; OBS<\/p>\n<p>Compatibilidade:<br \/>\n&#8211; Windows 7, Windows 8 ou Windows 10<br \/>\n&#8211; Mac OS X 10.9 ou superior<br \/>\n&#8211; Chrome OS<br \/>\n&#8211; Android v5.0 ou acima via porta USB<\/p>\n<p>Conte\u00fado da Embalagem:<br \/>\n&#8211; 1x Webcam Logitech<br \/>\n&#8211; 1x Trip\u00e9<br \/>\n&#8211; 1x Documenta\u00e7\u00e3o do usu\u00e1rio<\/p>\n<p>::Imagens.<\/p>\n<p><img decoding=\"async\" src=\"https:\/\/images.oficinadosbits.com.br\/images_storage\/22350_1.jpg\" alt=\"\" \/><\/p>\n<p><img decoding=\"async\" src=\"https:\/\/images.oficinadosbits.com.br\/images_storage\/22350_2.jpg\" alt=\"\" \/><\/p>\n<p><img decoding=\"async\" src=\"https:\/\/images.oficinadosbits.com.br\/images_storage\/22350_3.jpg\" alt=\"\" \/><\/p>\n<p><img decoding=\"async\" src=\"https:\/\/images.oficinadosbits.com.br\/images_storage\/22350_4.jpg\" alt=\"\" \/><\/p>\n<p><img decoding=\"async\" src=\"https:\/\/images.oficinadosbits.com.br\/images_storage\/22350_5.jpg\" alt=\"\" \/><\/p>\n<p><b>Peso com embalagem:<\/b>\u00a00,356Kg<br \/>\n<b>EAN:<\/b>\u00a0097855124296<br \/>\n<b>Modelo (GTIN):<\/b>\u00a0960-001087<br \/>\n<b>C\u00f3digo refer\u00eancia:<\/b>\u00a022350<\/p>\n","protected":false},"excerpt":{"rendered":"<p>::Especifica\u00e7\u00f5es t\u00e9cnicas. Marca: Logitech Modelo: C922 960-001087 Dimens\u00f5es: &#8211; Sem clipe: 29 x 95 x 24 mm &#8211; Incluindo clipe: 44 x 95 x 71 mm &#8211; Comprimento do cabo: 1,8 m Funciona com: &#8211; XSplit &#8211; OBS Compatibilidade: &#8211; Windows 7, Windows 8 ou Windows 10 &#8211; Mac OS X 10.9 ou superior &#8211; [&hellip;]<\/p>\n","protected":false},"featured_media":657,"comment_status":"open","ping_status":"closed","template":"","meta":[],"product_brand":[],"product_cat":[39],"product_tag":[],"class_list":{"0":"post-656","1":"product","2":"type-product","3":"status-publish","4":"has-post-thumbnail","6":"product_cat-produtos-virais","8":"first","9":"instock","10":"sale","11":"shipping-taxable","12":"purchasable","13":"product-type-simple"},"_links":{"self":[{"href":"https:\/\/design.projetoshr.com.br\/loja-pop\/wp-json\/wp\/v2\/product\/656","targetHints":{"allow":["GET"]}}],"collection":[{"href":"https:\/\/design.projetoshr.com.br\/loja-pop\/wp-json\/wp\/v2\/product"}],"about":[{"href":"https:\/\/design.projetoshr.com.br\/loja-pop\/wp-json\/wp\/v2\/types\/product"}],"replies":[{"embeddable":true,"href":"https:\/\/design.projetoshr.com.br\/loja-pop\/wp-json\/wp\/v2\/comments?post=656"}],"wp:featuredmedia":[{"embeddable":true,"href":"https:\/\/design.projetoshr.com.br\/loja-pop\/wp-json\/wp\/v2\/media\/657"}],"wp:attachment":[{"href":"https:\/\/design.projetoshr.com.br\/loja-pop\/wp-json\/wp\/v2\/media?parent=656"}],"wp:term":[{"taxonomy":"product_brand","embeddable":true,"href":"https:\/\/design.projetoshr.com.br\/loja-pop\/wp-json\/wp\/v2\/product_brand?post=656"},{"taxonomy":"product_cat","embeddable":true,"href":"https:\/\/design.projetoshr.com.br\/loja-pop\/wp-json\/wp\/v2\/product_cat?post=656"},{"taxonomy":"product_tag","embeddable":true,"href":"https:\/\/design.projetoshr.com.br\/loja-pop\/wp-json\/wp\/v2\/product_tag?post=656"}],"curies":[{"name":"wp","href":"https:\/\/api.w.org\/{rel}","templated":true}]}}