{"id":631,"date":"2025-08-16T02:32:39","date_gmt":"2025-08-16T05:32:39","guid":{"rendered":"https:\/\/design.projetoshr.com.br\/loja-pop\/?post_type=product&#038;p=631"},"modified":"2025-08-16T02:32:39","modified_gmt":"2025-08-16T05:32:39","slug":"fone-de-ouvido-bluetooth-jbl-tune-t520-bt-dobravel-pure-bass-com-microfone-azul-jblt520btblu","status":"publish","type":"product","link":"https:\/\/design.projetoshr.com.br\/loja-pop\/produto\/fone-de-ouvido-bluetooth-jbl-tune-t520-bt-dobravel-pure-bass-com-microfone-azul-jblt520btblu\/","title":{"rendered":"Fone de Ouvido Bluetooth JBL Tune T520 BT &#8211; Dobr\u00e1vel &#8211; Pure Bass &#8211; com Microfone &#8211; Azul &#8211; JBLT520BTBLU"},"content":{"rendered":"<div id=\"bannerDesc\">\n<div class=\"vertimobi\">\n<div><img decoding=\"async\" src=\"https:\/\/images.oficinadosbits.com.br\/images_storage2\/34037_01.jpg\" alt=\"Som mais alto e potente\" \/><\/div>\n<div>\n<div id=\"redu\">\n<h5>Som JBL Pure Bass<\/h5>\n<p>O JBL Tune 520BT apresenta o renomado som JBL Pure Bass, o mesmo que toca nos locais mais famosos em todo o mundo.<\/p>\n<\/div>\n<\/div>\n<\/div>\n<div class=\"vertimobieven\">\n<div>\n<div id=\"redu\">\n<h5>Tecnologia sem fio Bluetooth 5.3<\/h5>\n<p>Transmita sem fio som de alta qualidade de seu smartphone sem cabos bagun\u00e7ados com a ajuda da mais recente tecnologia Bluetooth.<\/p>\n<\/div>\n<\/div>\n<div><img decoding=\"async\" src=\"https:\/\/images.oficinadosbits.com.br\/images_storage2\/34037_02.jpg\" alt=\"\u00c0 prova d\u2019\u00e1gua e resistente \u00e0 poeira, com classifica\u00e7\u00e3o IP67\" \/><\/div>\n<\/div>\n<div class=\"vertimobi\">\n<div><img decoding=\"async\" src=\"https:\/\/images.oficinadosbits.com.br\/images_storage2\/34037_03.jpg\" alt=\"At\u00e9 12 horas de reprodu\u00e7\u00e3o\" \/><\/div>\n<div>\n<div id=\"redu\">\n<h5>Personalize sua experi\u00eancia auditiva<\/h5>\n<p>Baixe o aplicativo gratuito JBL Headphones para personalizar o som de acordo com o seu gosto com o EQ. Os comandos de voz em seu idioma guiam voc\u00ea pelos recursos do Tune 520BT.<\/p>\n<\/div>\n<\/div>\n<\/div>\n<div class=\"vertimobi\">\n<div><img decoding=\"async\" src=\"https:\/\/images.oficinadosbits.com.br\/images_storage2\/34037_04.jpg\" alt=\"Aumente a divers\u00e3o com o PartyBoost\" \/><\/p>\n<h5>At\u00e9 57 horas de bateria e carregamento r\u00e1pido (5 minutos = 3 horas)<\/h5>\n<p>Para divers\u00e3o de longa dura\u00e7\u00e3o, ou\u00e7a sem fio por at\u00e9 57 horas e recarregue a bateria em apenas 2 horas, com o conveniente cabo USB Tipo C. Uma carga r\u00e1pida de 5 minutos proporciona 3 horas adicionais de m\u00fasica.<\/p>\n<\/div>\n<div><img decoding=\"async\" src=\"https:\/\/images.oficinadosbits.com.br\/images_storage2\/34037_05.jpg\" alt=\"Prote\u00e7\u00e3o de carregamento USB\" \/><\/p>\n<h5>Chamadas viva-voz com Voice Aware<\/h5>\n<p>Controle facilmente o som e atenda suas chamadas com os convenientes bot\u00f5es em seu fone de ouvido. Ou\u00e7a sua voz enquanto fala, com a ajuda do Voice Aware.<\/p>\n<\/div>\n<div><img decoding=\"async\" src=\"https:\/\/images.oficinadosbits.com.br\/images_storage2\/34037_06.jpg\" alt=\"Transmiss\u00e3o sem fios por Bluetooth\" \/><\/p>\n<h5>Leve, confort\u00e1vel e com design dobr\u00e1vel<\/h5>\n<p>Os materiais leves e almofadas macias com uma tiara acolchoada tornam os fones de ouvido confort\u00e1veis para usar por per\u00edodos prolongados. O design dobr\u00e1vel torna seus fones de ouvido convenientes para carregar para qualquer lugar, a qualquer hora em que voc\u00ea quiser m\u00fasica.<\/p>\n<\/div>\n<\/div>\n<\/div>\n<p>Os fones de ouvido JBL Tune 520BT transmitem o potente som JBL Pure Bass gra\u00e7as \u00e0 \u00faltima tecnologia de bluetooth 5.3. F\u00e1ceis de usar, esses fones de ouvido proporcionam at\u00e9 57 horas de puro prazer e 3 horas extras de bateria com apenas 5 minutos de carga. Baixe o aplicativo gratuito JBL Headphones e personalize seu som atrav\u00e9s do EQ, enquanto os avisos por voz o orientam a respeito dos recursos dos fones de ouvido. Gerencie chamadas, som e volume pelo fone, gra\u00e7as ao conveniente controle de bot\u00e3o. Se uma chamada for recebida enquanto voc\u00ea estiver assistindo a um v\u00eddeo em outro dispositivo, o JBL Tune 520BT muda diretamente para o seu celular, para que voc\u00ea nunca perca uma chamada. Leve e confort\u00e1vel mesmo ap\u00f3s horas de uso, os fones de ouvido JBL Tune 520BT s\u00e3o dobr\u00e1veis para caber em sua mochila e acompanha-lo em qualquer lugar.<\/p>\n<p><strong>::Especifica\u00e7\u00f5es t\u00e9cnicas<\/strong><\/p>\n<p>Marca: JBL<br \/>\nModelo: JBLT520BTBLU<br \/>\nCor: Azul<\/p>\n<p>&#8211; Di\u00e2metro do Driver(mm): 33<br \/>\n&#8211; Sensibilidade do Driver a 1kHz1mW (dB): 102 dB SPL@ 1kHz 1mW<br \/>\n&#8211; Resposta de Frequ\u00eancia Din\u00e2mica: 20 Hz \u2013 20 kHz<br \/>\n&#8211; Imped\u00e2ncia de entrada (ohms): 30<\/p>\n<p><strong>Conex\u00e3o:<\/strong><br \/>\n&#8211; Vers\u00e3o do Bluetooth: 5.3<br \/>\n&#8211; Perfis bluetooth: HFP 1.7.2, AVRCP 1.6.2, A2DP 1.3.2<br \/>\n&#8211; Faixa de frequ\u00eancia do emissor bluetooth: 2.4 GHz \u2013 2.4835 GHz<br \/>\n&#8211; GFSK de modula\u00e7\u00e3o do emissor bluetooth: GFSK, p\/4-DQPSK, 8-DPSK<br \/>\n&#8211; Pot\u00eancia de emiss\u00e3o de bluetooth: 6 dBm (E.I.R.P)<\/p>\n<p><strong>Bateria:<\/strong><br \/>\n&#8211; Tempo de carregamento: 2h<br \/>\n&#8211; Tempo m\u00e1ximo de jogo: 57h<\/p>\n<p><strong>Recursos:<\/strong><br \/>\n&#8211; Charging cable<br \/>\n&#8211; Dobr\u00e1veis<br \/>\n&#8211; Microfone integrado<br \/>\n&#8211; Chamada Sem Utilizar as M\u00e3os<br \/>\n&#8211; JBL Pure Bass Sound<br \/>\n&#8211; Conex\u00e3o Multi-Point<br \/>\n&#8211; Voice Aware<br \/>\n&#8211; Carregamento r\u00e1pido<br \/>\n&#8211; Bluetooth<\/p>\n<p><b>Peso com embalagem:<\/b>\u00a00,42Kg<br \/>\n<b>EAN:<\/b>\u00a06925281963773<br \/>\n<b>Modelo (GTIN):<\/b>\u00a0JBLT520BTBLU<br \/>\n<b>C\u00f3digo refer\u00eancia:<\/b>\u00a036477<\/p>\n","protected":false},"excerpt":{"rendered":"<p>Som JBL Pure Bass O JBL Tune 520BT apresenta o renomado som JBL Pure Bass, o mesmo que toca nos locais mais famosos em todo o mundo. Tecnologia sem fio Bluetooth 5.3 Transmita sem fio som de alta qualidade de seu smartphone sem cabos bagun\u00e7ados com a ajuda da mais recente tecnologia Bluetooth. Personalize sua [&hellip;]<\/p>\n","protected":false},"featured_media":632,"comment_status":"open","ping_status":"closed","template":"","meta":[],"product_brand":[],"product_cat":[37],"product_tag":[],"class_list":{"0":"post-631","1":"product","2":"type-product","3":"status-publish","4":"has-post-thumbnail","6":"product_cat-headphones","8":"first","9":"instock","10":"shipping-taxable","11":"purchasable","12":"product-type-simple"},"_links":{"self":[{"href":"https:\/\/design.projetoshr.com.br\/loja-pop\/wp-json\/wp\/v2\/product\/631","targetHints":{"allow":["GET"]}}],"collection":[{"href":"https:\/\/design.projetoshr.com.br\/loja-pop\/wp-json\/wp\/v2\/product"}],"about":[{"href":"https:\/\/design.projetoshr.com.br\/loja-pop\/wp-json\/wp\/v2\/types\/product"}],"replies":[{"embeddable":true,"href":"https:\/\/design.projetoshr.com.br\/loja-pop\/wp-json\/wp\/v2\/comments?post=631"}],"wp:featuredmedia":[{"embeddable":true,"href":"https:\/\/design.projetoshr.com.br\/loja-pop\/wp-json\/wp\/v2\/media\/632"}],"wp:attachment":[{"href":"https:\/\/design.projetoshr.com.br\/loja-pop\/wp-json\/wp\/v2\/media?parent=631"}],"wp:term":[{"taxonomy":"product_brand","embeddable":true,"href":"https:\/\/design.projetoshr.com.br\/loja-pop\/wp-json\/wp\/v2\/product_brand?post=631"},{"taxonomy":"product_cat","embeddable":true,"href":"https:\/\/design.projetoshr.com.br\/loja-pop\/wp-json\/wp\/v2\/product_cat?post=631"},{"taxonomy":"product_tag","embeddable":true,"href":"https:\/\/design.projetoshr.com.br\/loja-pop\/wp-json\/wp\/v2\/product_tag?post=631"}],"curies":[{"name":"wp","href":"https:\/\/api.w.org\/{rel}","templated":true}]}}