{"id":623,"date":"2025-08-16T02:27:57","date_gmt":"2025-08-16T05:27:57","guid":{"rendered":"https:\/\/design.projetoshr.com.br\/loja-pop\/?post_type=product&#038;p=623"},"modified":"2025-08-16T02:27:57","modified_gmt":"2025-08-16T05:27:57","slug":"notebook-dell-inspiron-i15-i120k-u10p-intel-i3-1215u-ram-8gb-ssd-256gb-tela-15-6-full-hd-linux-preto-outlet","status":"publish","type":"product","link":"https:\/\/design.projetoshr.com.br\/loja-pop\/produto\/notebook-dell-inspiron-i15-i120k-u10p-intel-i3-1215u-ram-8gb-ssd-256gb-tela-15-6-full-hd-linux-preto-outlet\/","title":{"rendered":"Notebook Dell Inspiron i15-i120K-U10P &#8211; Intel i3 1215U, RAM 8GB, SSD 256GB, Tela 15.6&#8243; Full HD, Linux &#8211; Preto &#8211; Outlet"},"content":{"rendered":"<div>\n<div id=\"cadasdell\">\n<div><img decoding=\"async\" src=\"https:\/\/images.oficinadosbits.com.br\/images_storage2\/34213_01.jpg\" \/><\/div>\n<div class=\"vertimobi\">\n<div>\n<h5>Aproveite ao m\u00e1ximo o seu dia com o novo Inspiron 15 3000<\/h5>\n<p><b>Mem\u00f3ria e armazenamento pensados para o dia a dia:<\/b>\u00a0alterne facilmente entre aplicativos abertos. O SSD de alta velocidade ainda proporciona maior tempo de bateria, r\u00e1pida resposta e performance mais silenciosa.<\/p>\n<p><b>Tela impressionante:<\/b>\u00a0a tela Full HD de 15,6\u201d, antirreflexo de alta defini\u00e7\u00e3o com tr\u00eas lados de bordas finas, oferece uma imagem clara e brilhante que \u00e9 agrad\u00e1vel aos olhos com a solu\u00e7\u00e3o de software ComfortView (reduz a emiss\u00e3o de luz azul).<\/p>\n<\/div>\n<div><img decoding=\"async\" src=\"https:\/\/images.oficinadosbits.com.br\/images_storage2\/34213_02.jpg\" \/><\/div>\n<\/div>\n<div>\n<h4>O que h\u00e1 para fazer&#8230; est\u00e1 feito.<\/h4>\n<p><b>Uma gama de portas:<\/b>\u00a0conecte-se a uma TV ou monitor com a porta HDMI, fa\u00e7a download de fotos por meio do slot para cart\u00e3o SD, aproveite r\u00e1pidas velocidades de transfer\u00eancia em todos os seus acess\u00f3rios com duas portas USB 3.2 de 1\u00aa Gera\u00e7\u00e3o.<\/p>\n<p><b>Pronto, configurado, carregado:<\/b>\u00a0Vem com recursos de ExpressCharge que minimizam o tempo que prende voc\u00ea a uma tomada e recarregam at\u00e9 80% da bateria em 60 minutos*.<\/p>\n<p>*A sele\u00e7\u00e3o do recurso ExpressCharge no software Dell Power Manager faz com que a bateria do sistema seja recarregada de 0% a 80% em 60 minutos. Depois de alcan\u00e7ar 80%, o carregamento volta \u00e0 velocidade normal. Recomend\u00e1vel para uso com o adaptador de energia fornecido pela Dell. N\u00e3o recomend\u00e1vel com um adaptador de energia de capacidade inferior. O tempo de carregamento pode variar \u00b110% devido \u00e0 toler\u00e2ncia do sistema.<\/p>\n<p><img decoding=\"async\" src=\"https:\/\/images.oficinadosbits.com.br\/images_storage2\/34213_03.jpg\" \/><\/div>\n<div class=\"vertimobi\">\n<div><img decoding=\"async\" src=\"https:\/\/images.oficinadosbits.com.br\/images_storage2\/34213_04.jpg\" \/><\/div>\n<div>\n<h5>Cheio de estilo!<\/h5>\n<p><b>Utilize com conforto:<\/b>\u00a0uma dobradi\u00e7a eleva o seu dispositivo a um \u00e2ngulo ergon\u00f4mico, o que proporciona uma experi\u00eancia de digita\u00e7\u00e3o mais confort\u00e1vel.<\/p>\n<p><b>Seguran\u00e7a e agilidade:<\/b>\u00a0fa\u00e7a or\u00e7amentos e outros c\u00e1lculos em instantes com o teclado num\u00e9rico. O teclado possui teclas 6,4% maiores e um touchpad espa\u00e7oso que facilita a navega\u00e7\u00e3o pelo conte\u00fado.<\/p>\n<\/div>\n<\/div>\n<div><img decoding=\"async\" src=\"https:\/\/images.oficinadosbits.com.br\/images_storage2\/31481_01.jpg\" alt=\"Dell Inspiron 24 5420 All in one com n\u00fameros de 1 a 13 indicando as portas e os slots do produto.\" \/><\/p>\n<h5>Portas e slots<\/h5>\n<div class=\"vertimobi\">\n<div>\n<p>1. Leitor de cart\u00e3o SD<br \/>\n2. USB 2.0<br \/>\n3. Conector de \u00e1udio*<\/p>\n<\/div>\n<div>\n<p>4. Tomada de energia<br \/>\n5. Porta HDMI 1.4**<br \/>\n6. USB 3.2<br \/>\n7. USB 3.2**<\/p>\n<\/div>\n<\/div>\n<p>*A funcionalidade do conector de 3,5 mm do headset varia com a configura\u00e7\u00e3o do modelo. Para obter melhores resultados, use os acess\u00f3rios de \u00e1udio recomendados pela Dell.<br \/>\n**A resolu\u00e7\u00e3o m\u00e1xima aceita para a porta HDMI \u00e9 de 1920&#215;1200 a 60 Hz. Sem sa\u00edda de 4K2K.<\/p>\n<\/div>\n<\/div>\n<p><strong>::Especifica\u00e7\u00f5es t\u00e9cnicas<\/strong><\/p>\n<p>Marca: Dell<br \/>\nModelo: I15-I120K-U10P<br \/>\nCor: Preto Carbono<\/p>\n<p>Sistema Operacional: Linux Ubuntu<\/p>\n<p><b>Tela:<\/b><br \/>\n&#8211; Resolu\u00e7\u00e3o: Full HD 1920 x 1080<br \/>\n&#8211; Tipo de Tela: WVA Retroiluminada por LED, borda fina e com antirreflexo<br \/>\n&#8211; Tamanho: 15.6&#8243; polegadas<br \/>\n&#8211; Atualiza\u00e7\u00e3o de tela: 120 Hz<\/p>\n<p><b>Processador:<\/b><br \/>\n&#8211; Intel Core i3-1215U<br \/>\n&#8211; Frequ\u00eancia: at\u00e9 4.4GHz<br \/>\n&#8211; 6 Cores | 8 Threads<br \/>\n&#8211; 10MB Cache<\/p>\n<p><b>Placa de V\u00eddeo:<\/b><br \/>\n&#8211; Placa de v\u00eddeo Intel UHD Graphics<br \/>\n&#8211; Memoria de video compartilhada<\/p>\n<p><b>Mem\u00f3ria:<\/b><br \/>\n&#8211; 8 GB<br \/>\n&#8211; Tipo: DDR4 2666MHz<\/p>\n<p><b>Armazenamento:<\/b><br \/>\n&#8211; SSD 256 GB NVMe de alt\u00edssima velocidade<\/p>\n<p><b>Conectividade:<\/b><br \/>\n&#8211; Wi-Fi: 802.11ac 1&#215;1<br \/>\n&#8211; Bluetooth<\/p>\n<p><b>Portas:<\/b><br \/>\n&#8211; 2 portas USB 3.2 de 1\u00aa gera\u00e7\u00e3o<br \/>\n&#8211; 1 porta USB 2.0<br \/>\n&#8211; 1 conector de headset<br \/>\n&#8211; 1 porta HDMI 1.4<br \/>\n<i>Nota: A resolu\u00e7\u00e3o m\u00e1xima aceita para a porta HDMI \u00e9 de 1920&#215;1200 a 60 Hz<\/i><\/p>\n<p><b>Slots:<\/b><br \/>\n&#8211; 1 slot M.2 2230 para placa de Wi-Fi e Bluetooth<br \/>\n&#8211; 1 slot M.2 2230\/2280 para unidade de estado s\u00f3lido\/Intel Optane (n\u00e3o possui slot SATA)<br \/>\n&#8211; 1 slot de cart\u00e3o SD<\/p>\n<p><b>C\u00e2mera:<\/b><br \/>\n&#8211; C\u00e2mera HD de 720p a 30 FPS com microfone \u00fanico integrado<\/p>\n<p><b>\u00c1udio e alto-falantes:<\/b><br \/>\n&#8211; Alto-falantes est\u00e9reo, 2 W x 2 = 4 W no total<\/p>\n<p><b>Teclado:<\/b><br \/>\n&#8211; Teclado padr\u00e3o em portugu\u00eas<\/p>\n<p><b>Alimenta\u00e7\u00e3o:<\/b><br \/>\n&#8211; Bateria de 3 c\u00e9lulas e 41Wh (integrada)<br \/>\n&#8211; 100 &#8211; 240 Volts AC (Bivolt)<br \/>\n&#8211; Adaptador CA 65 Watts (Bivolt)<\/p>\n<p><b>Dimens\u00e3o e peso:<\/b><br \/>\n&#8211; Altura: 1,69 cm a 2,11 cm X Largura: 35,85 cm X Profundidade: 23,49 cm<br \/>\n&#8211; Aproximadamente 1,65kg<\/div>\n","protected":false},"excerpt":{"rendered":"<p>Aproveite ao m\u00e1ximo o seu dia com o novo Inspiron 15 3000 Mem\u00f3ria e armazenamento pensados para o dia a dia:\u00a0alterne facilmente entre aplicativos abertos. O SSD de alta velocidade ainda proporciona maior tempo de bateria, r\u00e1pida resposta e performance mais silenciosa. Tela impressionante:\u00a0a tela Full HD de 15,6\u201d, antirreflexo de alta defini\u00e7\u00e3o com tr\u00eas [&hellip;]<\/p>\n","protected":false},"featured_media":625,"comment_status":"open","ping_status":"closed","template":"","meta":[],"product_brand":[],"product_cat":[15],"product_tag":[],"class_list":{"0":"post-623","1":"product","2":"type-product","3":"status-publish","4":"has-post-thumbnail","6":"product_cat-notebooks","8":"first","9":"instock","10":"shipping-taxable","11":"purchasable","12":"product-type-simple"},"_links":{"self":[{"href":"https:\/\/design.projetoshr.com.br\/loja-pop\/wp-json\/wp\/v2\/product\/623","targetHints":{"allow":["GET"]}}],"collection":[{"href":"https:\/\/design.projetoshr.com.br\/loja-pop\/wp-json\/wp\/v2\/product"}],"about":[{"href":"https:\/\/design.projetoshr.com.br\/loja-pop\/wp-json\/wp\/v2\/types\/product"}],"replies":[{"embeddable":true,"href":"https:\/\/design.projetoshr.com.br\/loja-pop\/wp-json\/wp\/v2\/comments?post=623"}],"wp:featuredmedia":[{"embeddable":true,"href":"https:\/\/design.projetoshr.com.br\/loja-pop\/wp-json\/wp\/v2\/media\/625"}],"wp:attachment":[{"href":"https:\/\/design.projetoshr.com.br\/loja-pop\/wp-json\/wp\/v2\/media?parent=623"}],"wp:term":[{"taxonomy":"product_brand","embeddable":true,"href":"https:\/\/design.projetoshr.com.br\/loja-pop\/wp-json\/wp\/v2\/product_brand?post=623"},{"taxonomy":"product_cat","embeddable":true,"href":"https:\/\/design.projetoshr.com.br\/loja-pop\/wp-json\/wp\/v2\/product_cat?post=623"},{"taxonomy":"product_tag","embeddable":true,"href":"https:\/\/design.projetoshr.com.br\/loja-pop\/wp-json\/wp\/v2\/product_tag?post=623"}],"curies":[{"name":"wp","href":"https:\/\/api.w.org\/{rel}","templated":true}]}}