{"id":3,"date":"2025-08-09T02:18:18","date_gmt":"2025-08-09T02:18:18","guid":{"rendered":"https:\/\/design.projetoshr.com.br\/loja-pop\/?page_id=3"},"modified":"2025-08-14T07:32:58","modified_gmt":"2025-08-14T10:32:58","slug":"politicas-de-privacidade","status":"publish","type":"page","link":"https:\/\/design.projetoshr.com.br\/loja-pop\/politicas-de-privacidade\/","title":{"rendered":"Politicas de Privacidade"},"content":{"rendered":"\t\t<div data-elementor-type=\"wp-page\" data-elementor-id=\"3\" class=\"elementor elementor-3\" data-elementor-post-type=\"page\">\n\t\t\t\t<div class=\"elementor-element elementor-element-3882be16 e-flex e-con-boxed e-con e-parent\" data-id=\"3882be16\" data-element_type=\"container\" data-e-type=\"container\" data-settings=\"{&quot;background_background&quot;:&quot;classic&quot;}\">\n\t\t\t\t\t<div class=\"e-con-inner\">\n\t\t\t\t<div class=\"elementor-element elementor-element-7c50869b elementor-widget elementor-widget-text-editor\" data-id=\"7c50869b\" data-element_type=\"widget\" data-e-type=\"widget\" data-widget_type=\"text-editor.default\">\n\t\t\t\t\t\t\t\t\t\n<p data-start=\"75\" data-end=\"448\"><strong data-start=\"75\" data-end=\"115\">Pol\u00edtica de Privacidade da Zoom Shop<\/strong><\/p>\n<p data-start=\"75\" data-end=\"448\">A Zoom Shop leva a s\u00e9rio a privacidade de seus clientes e se compromete a proteger seus dados pessoais. Esta Pol\u00edtica de Privacidade (\u201cPol\u00edtica\u201d) descreve como coletamos, usamos e divulgamos seus dados pessoais quando voc\u00ea visita nosso site, <a class=\"cursor-pointer\" target=\"_new\" rel=\"noopener\" data-start=\"360\" data-end=\"380\">https:\/\/zoomshop.com<\/a>, usa nossos servi\u00e7os ou interage conosco de qualquer outra forma.<\/p>\n<p data-start=\"450\" data-end=\"483\"><strong data-start=\"450\" data-end=\"481\">1. Coleta de Dados Pessoais<\/strong><\/p>\n<p data-start=\"485\" data-end=\"552\">Coletamos dados pessoais de voc\u00ea de diversas maneiras, incluindo:<\/p>\n<ul data-start=\"554\" data-end=\"1293\">\n<li data-start=\"554\" data-end=\"817\">\n<p data-start=\"556\" data-end=\"817\"><strong data-start=\"556\" data-end=\"589\">Informa\u00e7\u00f5es que voc\u00ea fornece:<\/strong> Quando voc\u00ea cria uma conta, faz uma compra, entra em contato conosco ou se inscreve em nossa newsletter, coletamos informa\u00e7\u00f5es como seu nome, endere\u00e7o de e-mail, n\u00famero de telefone, endere\u00e7o f\u00edsico e informa\u00e7\u00f5es de pagamento.<\/p>\n<\/li>\n<li data-start=\"818\" data-end=\"1146\">\n<p data-start=\"820\" data-end=\"1146\"><strong data-start=\"820\" data-end=\"843\">Informa\u00e7\u00f5es de uso:<\/strong> Quando voc\u00ea usa nosso site ou servi\u00e7os, coletamos informa\u00e7\u00f5es sobre sua atividade, como as p\u00e1ginas que voc\u00ea visita, os produtos que voc\u00ea visualiza e as compras que voc\u00ea faz. Tamb\u00e9m coletamos informa\u00e7\u00f5es sobre seu dispositivo e navegador, como seu endere\u00e7o IP, tipo de navegador e sistema operacional.<\/p>\n<\/li>\n<li data-start=\"1147\" data-end=\"1293\">\n<p data-start=\"1149\" data-end=\"1293\"><strong data-start=\"1149\" data-end=\"1178\">Informa\u00e7\u00f5es de terceiros:<\/strong> Podemos receber informa\u00e7\u00f5es sobre voc\u00ea de terceiros, como parceiros de marketing ou plataformas de m\u00eddia social.<\/p>\n<\/li>\n<\/ul>\n<p data-start=\"1295\" data-end=\"1325\"><strong data-start=\"1295\" data-end=\"1323\">2. Uso de Dados Pessoais<\/strong><\/p>\n<p data-start=\"1327\" data-end=\"1385\">Usamos seus dados pessoais para os seguintes prop\u00f3sitos:<\/p>\n<ul data-start=\"1387\" data-end=\"2092\">\n<li data-start=\"1387\" data-end=\"1597\">\n<p data-start=\"1389\" data-end=\"1597\"><strong data-start=\"1389\" data-end=\"1429\">Fornecer e melhorar nossos servi\u00e7os:<\/strong> Usamos seus dados pessoais para fornecer a voc\u00ea os produtos e servi\u00e7os que voc\u00ea solicita, para melhorar nossos servi\u00e7os e para desenvolver novos produtos e servi\u00e7os.<\/p>\n<\/li>\n<li data-start=\"1598\" data-end=\"1799\">\n<p data-start=\"1600\" data-end=\"1799\"><strong data-start=\"1600\" data-end=\"1627\">Comunicar-nos com voc\u00ea:<\/strong> Usamos seus dados pessoais para comunicar-nos com voc\u00ea sobre sua conta, seus pedidos, promo\u00e7\u00f5es e ofertas especiais e outras informa\u00e7\u00f5es que possam ser do seu interesse.<\/p>\n<\/li>\n<li data-start=\"1800\" data-end=\"1947\">\n<p data-start=\"1802\" data-end=\"1947\"><strong data-start=\"1802\" data-end=\"1842\">Analisar e entender nossos clientes:<\/strong> Usamos seus dados pessoais para analisar e entender nossos clientes, suas necessidades e prefer\u00eancias.<\/p>\n<\/li>\n<li data-start=\"1948\" data-end=\"2092\">\n<p data-start=\"1950\" data-end=\"2092\"><strong data-start=\"1950\" data-end=\"1998\">Prevenir fraudes e proteger nossa seguran\u00e7a:<\/strong> Usamos seus dados pessoais para prevenir fraudes, proteger nossa seguran\u00e7a e cumprir a lei.<\/p>\n<\/li>\n<\/ul>\n<p data-start=\"2094\" data-end=\"2137\"><strong data-start=\"2094\" data-end=\"2135\">3. Compartilhamento de Dados Pessoais<\/strong><\/p>\n<p data-start=\"2139\" data-end=\"2209\">Podemos compartilhar seus dados pessoais com os seguintes terceiros:<\/p>\n<ul data-start=\"2211\" data-end=\"2856\">\n<li data-start=\"2211\" data-end=\"2434\">\n<p data-start=\"2213\" data-end=\"2434\"><strong data-start=\"2213\" data-end=\"2242\">Fornecedores de servi\u00e7os:<\/strong> Compartilhamos seus dados pessoais com fornecedores de servi\u00e7os que nos ajudam a operar nosso neg\u00f3cio, como processadores de pagamento, empresas de log\u00edstica e provedores de servi\u00e7os de TI.<\/p>\n<\/li>\n<li data-start=\"2435\" data-end=\"2615\">\n<p data-start=\"2437\" data-end=\"2615\"><strong data-start=\"2437\" data-end=\"2464\">Parceiros de marketing:<\/strong> Podemos compartilhar seus dados pessoais com parceiros de marketing para que voc\u00ea possa receber ofertas e promo\u00e7\u00f5es que possam ser do seu interesse.<\/p>\n<\/li>\n<li data-start=\"2616\" data-end=\"2856\">\n<p data-start=\"2618\" data-end=\"2856\"><strong data-start=\"2618\" data-end=\"2649\">Autoridades governamentais:<\/strong> Podemos compartilhar seus dados pessoais com autoridades governamentais se formos obrigados a faz\u00ea-lo por lei ou se acreditarmos que \u00e9 necess\u00e1rio para proteger nossos direitos ou os direitos de terceiros.<\/p>\n<\/li>\n<\/ul>\n<p data-start=\"2858\" data-end=\"2880\"><strong data-start=\"2858\" data-end=\"2878\">4. Seus Direitos<\/strong><\/p>\n<p data-start=\"2882\" data-end=\"2950\">Voc\u00ea tem os seguintes direitos em rela\u00e7\u00e3o aos seus dados pessoais:<\/p>\n<ul data-start=\"2952\" data-end=\"3663\">\n<li data-start=\"2952\" data-end=\"3032\">\n<p data-start=\"2954\" data-end=\"3032\"><strong data-start=\"2954\" data-end=\"2965\">Acesso:<\/strong> Voc\u00ea tem o direito de acessar seus dados pessoais que coletamos.<\/p>\n<\/li>\n<li data-start=\"3033\" data-end=\"3162\">\n<p data-start=\"3035\" data-end=\"3162\"><strong data-start=\"3035\" data-end=\"3051\">Retifica\u00e7\u00e3o:<\/strong> Voc\u00ea tem o direito de solicitar a retifica\u00e7\u00e3o de seus dados pessoais se estiverem incorretos ou incompletos.<\/p>\n<\/li>\n<li data-start=\"3163\" data-end=\"3245\">\n<p data-start=\"3165\" data-end=\"3245\"><strong data-start=\"3165\" data-end=\"3176\">Apagar:<\/strong> Voc\u00ea tem o direito de solicitar que excluamos seus dados pessoais.<\/p>\n<\/li>\n<li data-start=\"3246\" data-end=\"3370\">\n<p data-start=\"3248\" data-end=\"3370\"><strong data-start=\"3248\" data-end=\"3279\">Restri\u00e7\u00e3o de processamento:<\/strong> Voc\u00ea tem o direito de solicitar que restrinjamos o processamento de seus dados pessoais.<\/p>\n<\/li>\n<li data-start=\"3371\" data-end=\"3476\">\n<p data-start=\"3373\" data-end=\"3476\"><strong data-start=\"3373\" data-end=\"3403\">Oposi\u00e7\u00e3o ao processamento:<\/strong> Voc\u00ea tem o direito de se opor ao processamento de seus dados pessoais.<\/p>\n<\/li>\n<li data-start=\"3477\" data-end=\"3663\">\n<p data-start=\"3479\" data-end=\"3663\"><strong data-start=\"3479\" data-end=\"3506\">Portabilidade de dados:<\/strong> Voc\u00ea tem o direito de receber seus dados pessoais em um formato estruturado, de uso comum e leg\u00edvel por m\u00e1quina e de transferi-los para outro controlador.<\/p>\n<\/li>\n<\/ul>\n<p data-start=\"3665\" data-end=\"3701\"><strong data-start=\"3665\" data-end=\"3699\">5. Seguran\u00e7a de Dados Pessoais<\/strong><\/p>\n<p data-start=\"3703\" data-end=\"3899\">Tomamos medidas de seguran\u00e7a t\u00e9cnicas e organizacionais adequadas para proteger seus dados pessoais contra perda, roubo, uso indevido, acesso n\u00e3o autorizado, divulga\u00e7\u00e3o, altera\u00e7\u00e3o ou destrui\u00e7\u00e3o.<\/p>\n<p data-start=\"3901\" data-end=\"3936\"><strong data-start=\"3901\" data-end=\"3934\">6. Reten\u00e7\u00e3o de Dados Pessoais<\/strong><\/p>\n<p data-start=\"3938\" data-end=\"4115\">Retemos seus dados pessoais pelo tempo necess\u00e1rio para cumprir os prop\u00f3sitos para os quais foram coletados, a menos que um per\u00edodo de reten\u00e7\u00e3o mais longo seja exigido por lei.<\/p>\n<p data-start=\"4117\" data-end=\"4151\"><strong data-start=\"4117\" data-end=\"4149\">7. Altera\u00e7\u00f5es nesta Pol\u00edtica<\/strong><\/p>\n<p data-start=\"4153\" data-end=\"4329\">Podemos atualizar esta Pol\u00edtica de tempos em tempos. Notificaremos voc\u00ea sobre qualquer altera\u00e7\u00e3o significativa nesta Pol\u00edtica por e-mail ou publicando um aviso em nosso site.<\/p>\n<p data-start=\"4331\" data-end=\"4347\"><strong data-start=\"4331\" data-end=\"4345\">8. Contato<\/strong><\/p>\n<p data-start=\"4349\" data-end=\"4499\">Se voc\u00ea tiver alguma d\u00favida sobre esta Pol\u00edtica ou sobre o tratamento de seus dados pessoais, entre em contato conosco pelo e-mail [email protected]<\/p>\n<p data-start=\"4501\" data-end=\"4540\"><strong data-start=\"4501\" data-end=\"4538\">9. Outras Informa\u00e7\u00f5es Importantes<\/strong><\/p>\n<p data-start=\"4542\" data-end=\"4643\">Esta Pol\u00edtica n\u00e3o se aplica a pr\u00e1ticas de terceiros que n\u00e3o sejam de nossa propriedade ou controle.<\/p>\n<p data-start=\"4645\" data-end=\"4722\">Ao usar nosso site ou servi\u00e7os, voc\u00ea concorda com os termos desta Pol\u00edtica.<\/p>\n<p data-start=\"4724\" data-end=\"4773\">Obrigado por ler nossa Pol\u00edtica de Privacidade!<\/p>\t\t\t\t\t\t\t\t<\/div>\n\t\t\t\t\t<\/div>\n\t\t\t\t<\/div>\n\t\t\t\t<\/div>\n\t\t","protected":false},"excerpt":{"rendered":"<p>Pol\u00edtica de Privacidade da Zoom Shop A Zoom Shop leva a s\u00e9rio a privacidade de seus clientes e se compromete a proteger seus dados pessoais. Esta Pol\u00edtica de Privacidade (\u201cPol\u00edtica\u201d) descreve como coletamos, usamos e divulgamos seus dados pessoais quando voc\u00ea visita nosso site, https:\/\/zoomshop.com, usa nossos servi\u00e7os ou interage conosco de qualquer outra forma. [&hellip;]<\/p>\n","protected":false},"author":1,"featured_media":0,"parent":0,"menu_order":0,"comment_status":"closed","ping_status":"closed","template":"elementor_header_footer","meta":{"footnotes":""},"class_list":["post-3","page","type-page","status-publish","hentry"],"_links":{"self":[{"href":"https:\/\/design.projetoshr.com.br\/loja-pop\/wp-json\/wp\/v2\/pages\/3","targetHints":{"allow":["GET"]}}],"collection":[{"href":"https:\/\/design.projetoshr.com.br\/loja-pop\/wp-json\/wp\/v2\/pages"}],"about":[{"href":"https:\/\/design.projetoshr.com.br\/loja-pop\/wp-json\/wp\/v2\/types\/page"}],"author":[{"embeddable":true,"href":"https:\/\/design.projetoshr.com.br\/loja-pop\/wp-json\/wp\/v2\/users\/1"}],"replies":[{"embeddable":true,"href":"https:\/\/design.projetoshr.com.br\/loja-pop\/wp-json\/wp\/v2\/comments?post=3"}],"version-history":[{"count":7,"href":"https:\/\/design.projetoshr.com.br\/loja-pop\/wp-json\/wp\/v2\/pages\/3\/revisions"}],"predecessor-version":[{"id":543,"href":"https:\/\/design.projetoshr.com.br\/loja-pop\/wp-json\/wp\/v2\/pages\/3\/revisions\/543"}],"wp:attachment":[{"href":"https:\/\/design.projetoshr.com.br\/loja-pop\/wp-json\/wp\/v2\/media?parent=3"}],"curies":[{"name":"wp","href":"https:\/\/api.w.org\/{rel}","templated":true}]}}