{"id":992,"date":"2025-10-31T18:23:57","date_gmt":"2025-10-31T21:23:57","guid":{"rendered":"https:\/\/design.projetoshr.com.br\/invctum\/?post_type=product&#038;p=992"},"modified":"2025-10-31T18:35:44","modified_gmt":"2025-10-31T21:35:44","slug":"kit-bilionario-1-relogio-perfume-dream-brand-barra-de-ouro-corrente-e-pulseira","status":"publish","type":"product","link":"https:\/\/design.projetoshr.com.br\/invctum\/produto\/kit-bilionario-1-relogio-perfume-dream-brand-barra-de-ouro-corrente-e-pulseira\/","title":{"rendered":"Kit Bilion\u00e1rio 1 Rel\u00f3gio + Perfume Dream Brand Barra de Ouro + Corrente e Pulseira"},"content":{"rendered":"<p>BLACK FRIDAY TOTAL Kit Bilion\u00e1rio 1 Rel\u00f3gio + Perfume Dream Brand + Corrente e Pulseira LEVE 3 PELO PRE\u00c7O DE 1 \u2013 TEMPO LIMITADO<\/p>\n<p>BLACK FRIDAY TOTAL Kit Bilion\u00e1rio 1 Rel\u00f3gios + Perfume Dream Brand + Corrente e Pulseira LEVE 3 PELO PRE\u00c7O DE 1 \u2013 TEMPO LIMITADO<br \/>\nRel\u00f3gio Venom Folheado + Perfume Dream Brand Barra de Ouro + Corrente e Pulseira Cartier<br \/>\nExatamente isso que voc\u00ea viu acima, KIT COMPLETO PARA REVENDA OU USO PR\u00d3PRIO, AQUI VOC\u00ca ECONOMIZA E AINDA OSTENTA.<\/p>\n<p>Descri\u00e7\u00e3o do Rel\u00f3gio Venom (Luxo Design)<br \/>\nFolheado<br \/>\nProva D\u2019\u00e1gua (N\u00e3o pode afundar em \u00e1gua APENAS RESPINGOS \u2013 GARANTIA N\u00c3O COBRE SE MOLHAR)<br \/>\nPeso: 350g<br \/>\nCaixaria: 55mm (Ideal para estilos extravagantes)<\/p>\n<p>Descri\u00e7\u00e3o do Perfume Dream Brand (Perfume dos Milion\u00e1rios)<br \/>\nEmbalagem completa (Barra de Ouro)<br \/>\n8h de FIXA\u00c7\u00c3O (25ml \u2013 Dura mais de 3 meses)<\/p>\n<p>Descri\u00e7\u00e3o da Corrente Cartier + Pulseira (AMERICAN SNOOP DOG)<\/p>\n<p>70cm de corrente FOLHEADA + Pulseira Cartier Folheada Ambas com Fecho Gaveta<br \/>\nCorrente extremamente atrativa e toda detalhada<\/p>\n<p>ATEN\u00c7\u00c3O: OFERTA DISPON\u00cdVEL ENQUANTO DURAR OS ESTOQUES<\/p>\n","protected":false},"excerpt":{"rendered":"<p>BLACK FRIDAY TOTAL Kit Bilion\u00e1rio 1 Rel\u00f3gio + Perfume Dream Brand + Corrente e Pulseira LEVE 3 PELO PRE\u00c7O DE 1 \u2013 TEMPO LIMITADO BLACK FRIDAY TOTAL Kit Bilion\u00e1rio 1 Rel\u00f3gios + Perfume Dream Brand + Corrente e Pulseira LEVE 3 PELO PRE\u00c7O DE 1 \u2013 TEMPO LIMITADO Rel\u00f3gio Venom Folheado + Perfume Dream Brand [&hellip;]<\/p>\n","protected":false},"featured_media":994,"comment_status":"open","ping_status":"closed","template":"","meta":[],"product_brand":[],"product_cat":[42,40,15],"product_tag":[],"class_list":{"0":"post-992","1":"product","2":"type-product","3":"status-publish","4":"has-post-thumbnail","6":"product_cat-masculino","7":"product_cat-novidades","8":"product_cat-ofertas","10":"first","11":"instock","12":"sale","13":"shipping-taxable","14":"purchasable","15":"product-type-simple"},"_links":{"self":[{"href":"https:\/\/design.projetoshr.com.br\/invctum\/wp-json\/wp\/v2\/product\/992","targetHints":{"allow":["GET"]}}],"collection":[{"href":"https:\/\/design.projetoshr.com.br\/invctum\/wp-json\/wp\/v2\/product"}],"about":[{"href":"https:\/\/design.projetoshr.com.br\/invctum\/wp-json\/wp\/v2\/types\/product"}],"replies":[{"embeddable":true,"href":"https:\/\/design.projetoshr.com.br\/invctum\/wp-json\/wp\/v2\/comments?post=992"}],"wp:featuredmedia":[{"embeddable":true,"href":"https:\/\/design.projetoshr.com.br\/invctum\/wp-json\/wp\/v2\/media\/994"}],"wp:attachment":[{"href":"https:\/\/design.projetoshr.com.br\/invctum\/wp-json\/wp\/v2\/media?parent=992"}],"wp:term":[{"taxonomy":"product_brand","embeddable":true,"href":"https:\/\/design.projetoshr.com.br\/invctum\/wp-json\/wp\/v2\/product_brand?post=992"},{"taxonomy":"product_cat","embeddable":true,"href":"https:\/\/design.projetoshr.com.br\/invctum\/wp-json\/wp\/v2\/product_cat?post=992"},{"taxonomy":"product_tag","embeddable":true,"href":"https:\/\/design.projetoshr.com.br\/invctum\/wp-json\/wp\/v2\/product_tag?post=992"}],"curies":[{"name":"wp","href":"https:\/\/api.w.org\/{rel}","templated":true}]}}