{"id":3,"date":"2025-08-09T02:18:18","date_gmt":"2025-08-09T02:18:18","guid":{"rendered":"https:\/\/design.projetoshr.com.br\/loja-pop\/?page_id=3"},"modified":"2025-10-30T22:10:27","modified_gmt":"2025-10-31T01:10:27","slug":"politicas-de-privacidade","status":"publish","type":"page","link":"https:\/\/design.projetoshr.com.br\/invctum\/politicas-de-privacidade\/","title":{"rendered":"Politicas de Privacidade"},"content":{"rendered":"\t\t<div data-elementor-type=\"wp-page\" data-elementor-id=\"3\" class=\"elementor elementor-3\" data-elementor-post-type=\"page\">\n\t\t\t\t<div class=\"elementor-element elementor-element-3882be16 e-flex e-con-boxed e-con e-parent\" data-id=\"3882be16\" data-element_type=\"container\" data-e-type=\"container\" data-settings=\"{&quot;background_background&quot;:&quot;classic&quot;}\">\n\t\t\t\t\t<div class=\"e-con-inner\">\n\t\t\t\t<div class=\"elementor-element elementor-element-7c50869b elementor-widget elementor-widget-text-editor\" data-id=\"7c50869b\" data-element_type=\"widget\" data-e-type=\"widget\" data-widget_type=\"text-editor.default\">\n\t\t\t\t\t\t\t\t\t\n<p data-start=\"364\" data-end=\"404\"><strong data-start=\"364\" data-end=\"402\">Pol\u00edtica de Privacidade da Invctum<\/strong><\/p>\n<p data-start=\"406\" data-end=\"733\">A Invctum leva a s\u00e9rio a privacidade de seus clientes e se compromete a proteger seus dados pessoais. Esta Pol\u00edtica de Privacidade (\u201cPol\u00edtica\u201d) descreve como coletamos, usamos e divulgamos seus dados pessoais quando voc\u00ea visita nosso site, <a class=\"decorated-link cursor-pointer\" target=\"_new\" rel=\"noopener\" data-start=\"646\" data-end=\"665\">https:\/\/invctum.com<\/a>, usa nossos servi\u00e7os ou interage conosco de qualquer outra forma.<\/p>\n<p data-start=\"735\" data-end=\"765\"><strong data-start=\"735\" data-end=\"763\">Coleta de Dados Pessoais<\/strong><\/p>\n<p data-start=\"767\" data-end=\"826\">Coletamos dados pessoais de diversas maneiras, incluindo:<\/p>\n<p data-start=\"828\" data-end=\"1041\">Informa\u00e7\u00f5es que voc\u00ea fornece: Quando cria uma conta, faz uma compra, entra em contato conosco ou se inscreve em nossa newsletter, coletamos informa\u00e7\u00f5es como nome, e-mail, telefone, endere\u00e7o e dados de pagamento.<\/p>\n<p data-start=\"1043\" data-end=\"1335\">Informa\u00e7\u00f5es de uso: Quando voc\u00ea utiliza nosso site ou servi\u00e7os, coletamos informa\u00e7\u00f5es sobre sua atividade, como p\u00e1ginas visitadas, produtos visualizados e compras realizadas. Tamb\u00e9m registramos dados do seu dispositivo e navegador, como endere\u00e7o IP, tipo de navegador e sistema operacional.<\/p>\n<p data-start=\"1337\" data-end=\"1461\">Informa\u00e7\u00f5es de terceiros: Podemos receber informa\u00e7\u00f5es sobre voc\u00ea de parceiros de marketing ou plataformas de m\u00eddia social.<\/p>\n<p data-start=\"1463\" data-end=\"1490\"><strong data-start=\"1463\" data-end=\"1488\">Uso de Dados Pessoais<\/strong><\/p>\n<p data-start=\"1492\" data-end=\"1760\">Utilizamos seus dados pessoais para fornecer e aprimorar nossos servi\u00e7os, processar pedidos, entrar em contato sobre sua conta e pedidos, enviar promo\u00e7\u00f5es, analisar o comportamento dos clientes, prevenir fraudes, proteger nossa seguran\u00e7a e cumprir obriga\u00e7\u00f5es legais.<\/p>\n<p data-start=\"1762\" data-end=\"1802\"><strong data-start=\"1762\" data-end=\"1800\">Compartilhamento de Dados Pessoais<\/strong><\/p>\n<p data-start=\"1804\" data-end=\"2028\">Podemos compartilhar seus dados pessoais com fornecedores de servi\u00e7os (como processadores de pagamento, empresas de log\u00edstica e provedores de TI), parceiros de marketing e autoridades governamentais quando exigido por lei.<\/p>\n<p data-start=\"2030\" data-end=\"2049\"><strong data-start=\"2030\" data-end=\"2047\">Seus Direitos<\/strong><\/p>\n<p data-start=\"2051\" data-end=\"2221\">Voc\u00ea tem o direito de acessar, corrigir, excluir ou restringir o processamento de seus dados pessoais, al\u00e9m de se opor ao uso e solicitar a portabilidade de seus dados.<\/p>\n<p data-start=\"2223\" data-end=\"2256\"><strong data-start=\"2223\" data-end=\"2254\">Seguran\u00e7a de Dados Pessoais<\/strong><\/p>\n<p data-start=\"2258\" data-end=\"2421\">Adotamos medidas t\u00e9cnicas e organizacionais adequadas para proteger seus dados contra perda, roubo, uso indevido, acesso n\u00e3o autorizado, altera\u00e7\u00e3o ou destrui\u00e7\u00e3o.<\/p>\n<p data-start=\"2423\" data-end=\"2455\"><strong data-start=\"2423\" data-end=\"2453\">Reten\u00e7\u00e3o de Dados Pessoais<\/strong><\/p>\n<p data-start=\"2457\" data-end=\"2605\">Mantemos seus dados apenas pelo tempo necess\u00e1rio para cumprir os prop\u00f3sitos para os quais foram coletados, salvo se a lei exigir um per\u00edodo maior.<\/p>\n<p data-start=\"2607\" data-end=\"2638\"><strong data-start=\"2607\" data-end=\"2636\">Altera\u00e7\u00f5es nesta Pol\u00edtica<\/strong><\/p>\n<p data-start=\"2640\" data-end=\"2773\">Podemos atualizar esta Pol\u00edtica periodicamente. Caso haja mudan\u00e7as significativas, notificaremos por e-mail ou aviso em nosso site.<\/p>\n<p data-start=\"2775\" data-end=\"2788\"><strong data-start=\"2775\" data-end=\"2786\">Contato<\/strong><\/p>\n<p data-start=\"2790\" data-end=\"2899\">Se tiver d\u00favidas sobre esta Pol\u00edtica ou o uso de seus dados, entre em contato pelo e-mail [email protected]<\/p>\n<p data-start=\"2901\" data-end=\"2937\"><strong data-start=\"2901\" data-end=\"2935\">Outras Informa\u00e7\u00f5es Importantes<\/strong><\/p>\n<p data-start=\"2939\" data-end=\"3116\">Esta Pol\u00edtica n\u00e3o se aplica a pr\u00e1ticas de terceiros que n\u00e3o sejam de nossa propriedade ou controle. Ao usar nosso site ou servi\u00e7os, voc\u00ea concorda com os termos desta Pol\u00edtica.<\/p>\t\t\t\t\t\t\t\t<\/div>\n\t\t\t\t\t<\/div>\n\t\t\t\t<\/div>\n\t\t\t\t<\/div>\n\t\t","protected":false},"excerpt":{"rendered":"<p>Pol\u00edtica de Privacidade da Invctum A Invctum leva a s\u00e9rio a privacidade de seus clientes e se compromete a proteger seus dados pessoais. Esta Pol\u00edtica de Privacidade (\u201cPol\u00edtica\u201d) descreve como coletamos, usamos e divulgamos seus dados pessoais quando voc\u00ea visita nosso site, https:\/\/invctum.com, usa nossos servi\u00e7os ou interage conosco de qualquer outra forma. Coleta de [&hellip;]<\/p>\n","protected":false},"author":1,"featured_media":0,"parent":0,"menu_order":0,"comment_status":"closed","ping_status":"closed","template":"elementor_header_footer","meta":{"footnotes":""},"class_list":["post-3","page","type-page","status-publish","hentry"],"_links":{"self":[{"href":"https:\/\/design.projetoshr.com.br\/invctum\/wp-json\/wp\/v2\/pages\/3","targetHints":{"allow":["GET"]}}],"collection":[{"href":"https:\/\/design.projetoshr.com.br\/invctum\/wp-json\/wp\/v2\/pages"}],"about":[{"href":"https:\/\/design.projetoshr.com.br\/invctum\/wp-json\/wp\/v2\/types\/page"}],"author":[{"embeddable":true,"href":"https:\/\/design.projetoshr.com.br\/invctum\/wp-json\/wp\/v2\/users\/1"}],"replies":[{"embeddable":true,"href":"https:\/\/design.projetoshr.com.br\/invctum\/wp-json\/wp\/v2\/comments?post=3"}],"version-history":[{"count":10,"href":"https:\/\/design.projetoshr.com.br\/invctum\/wp-json\/wp\/v2\/pages\/3\/revisions"}],"predecessor-version":[{"id":830,"href":"https:\/\/design.projetoshr.com.br\/invctum\/wp-json\/wp\/v2\/pages\/3\/revisions\/830"}],"wp:attachment":[{"href":"https:\/\/design.projetoshr.com.br\/invctum\/wp-json\/wp\/v2\/media?parent=3"}],"curies":[{"name":"wp","href":"https:\/\/api.w.org\/{rel}","templated":true}]}}